1
In base 8, what is 6443175 + -26?
6443147
In base 5, what is -1112414 + 232420?
-324444
In base 16, what is -31 + -63424?
-63455
In base 13, what is -20665 + -42?
-206a7
In base 5, what is 221330014 + -213?
221324301
In base 12, what is 4a7 - ab66b?
-ab184
In base 16, what is -798 - -2e42?
26aa
In base 15, what is 40ad + -23116?
-1e058
In base 16, what is -4a7a31 - c?
-4a7a3d
In base 9, what is 1 - 35718404?
-35718403
In base 10, what is -5 - 136390754?
-136390759
In base 2, what is 111100100011010 - 1011011011?
111011000111111
In base 6, what is -2324523 - -105?
-2324414
In base 5, what is 133134 + -123311?
4323
In base 7, what is 36 - -3200516?
3200555
In base 10, what is 1660984 + 207?
1661191
In base 2, what is -1111010111110011 + 1101101?
-1111010110000110
In base 2, what is 1 + 11010110011000001101010111?
11010110011000001101011000
In base 3, what is 2 - -211201010021222?
211201010022001
In base 7, what is -3211 - 301550?
-305061
In base 12, what is -9 + 255a33?
255a26
In base 2, what is 10111001111 + -101101010101010101?
-101100111110000110
In base 2, what is 101 - 110111010111000011011101?
-110111010111000011011000
In base 2, what is 1011010101101010110000 - -110?
1011010101101010110110
In base 6, what is 101 + -13104432?
-13104331
In base 8, what is 54 + 2267037?
2267113
In base 14, what is 15b25 - 226?
158dd
In base 15, what is -1aeea450 - -4?
-1aeea44b
In base 10, what is 106803489 + -4?
106803485
In base 9, what is 111157 + -1714?
108343
In base 9, what is -4 - -58433272?
58433267
In base 16, what is -417 + -146c?
-1883
In base 10, what is 1870 - -6559?
8429
In base 10, what is -5 + 238285?
238280
In base 12, what is 89a531 + 28?
89a559
In base 10, what is 472491 - 385?
472106
In base 5, what is 3010440 - -22332?
3033322
In base 16, what is 2191 - 115?
207c
In base 15, what is 42ce7 - -61d?
43415
In base 9, what is 108454 + -342?
108112
In base 15, what is -65106d2 + -3?
-65106d5
In base 6, what is -14 - -5420423?
5420405
In base 14, what is -2674 - 1828?
-409c
In base 8, what is 222005 + 1353?
223360
In base 8, what is -70437 + -607?
-71246
In base 13, what is -7c - -199423?
199374
In base 14, what is -4cc12 - -267?
-4c989
In base 12, what is -4a5321 + 4b5?
-4a4a28
In base 11, what is -2066823a3 + 2?
-2066823a1
In base 15, what is -5699e - -10a?
-56894
In base 11, what is 158975 - 126?
15884a
In base 7, what is 6655230 - -43?
6655303
In base 13, what is -52 - 5434?
-5486
In base 4, what is -2 - -2130031202?
2130031200
In base 15, what is 0 + -1662942?
-1662942
In base 9, what is 0 - 308111310?
-308111310
In base 5, what is -423 - -100203212?
100202234
In base 10, what is 450 - -28857?
29307
In base 2, what is -10001001101 + 101011110001?
11010100100
In base 7, what is -630656 - -1436?
-626220
In base 14, what is b48 + 98?
c02
In base 4, what is 12323311021 - 2?
12323311013
In base 5, what is -432001 + -13114?
-1000120
In base 8, what is -44 - -734631?
734565
In base 12, what is 21a - 842a?
-8210
In base 16, what is 2 + 1679db?
1679dd
In base 3, what is -2021022220 + 120211002?
-1200111211
In base 7, what is -5242103360 - 0?
-5242103360
In base 8, what is -26537 + 36414?
7655
In base 5, what is 114442433 + 1310?
114444243
In base 3, what is 2111101001 + -12201?
2111011100
In base 6, what is -110 + -52422403?
-52422513
In base 7, what is -14343435 + 120?
-14343315
In base 12, what is 72901 + -34?
72889
In base 10, what is 1933746 - -16?
1933762
In base 13, what is -1 + 7bca24a?
7bca249
In base 11, what is -29 - 101525?
-101553
In base 16, what is ba0df1 + 0?
ba0df1
In base 5, what is 23404120 + -424?
23403141
In base 5, what is 2110001112 - 3?
2110001104
In base 5, what is 244120321 + 1210?
244122031
In base 2, what is 0 - 11101100110101110010000101?
-11101100110101110010000101
In base 15, what is 80a6a + 0?
80a6a
In base 12, what is -3 + -34a9a008?
-34a9a00b
In base 7, what is -64520215 + -10?
-64520225
In base 11, what is 247aa61 + -7?
247aa55
In base 16, what is 2f0 - 476?
-186
In base 13, what is 33 - -32902?
32935
In base 9, what is 0 + -875346867?
-875346867
In base 8, what is 31075462 + 5?
31075467
In base 14, what is -62037 - -14?
-62023
In base 12, what is b37865 - 1?
b37864
In base 12, what is 138a4ba4 - 6?
138a4b9a
In base 9, what is 454626 + 25?
454652
In base 12, what is a - 22b05677?
-22b05669
In base 3, what is -20022021200001 + 122?
-20022021122102
In base 16, what is -2d9 - 7a7d?
-7d56
In base 16, what is -520 - 33d5?
-38f5
In base 9, what is 5030 - 2223?
2706
In base 16, what is -15906b07 + 3?
-15906b04
In base 6, what is -1000021 + 1433?
-554144
In base 6, what is 1204310215 - 5?
1204310210
In base 13, what is -10 + 182662?
182652
In base 3, what is -1021 + -21002212020202?
-21002212022000
In base 10, what is -2 + 3814728?
3814726
In base 11, what is 2 - 3878688?
-3878686
In base 12, what is -552255 - 4?
-552259
In base 4, what is 132011110 + -223210?
131121300
In base 12, what is -64637 + -7bb2?
-70629
In base 15, what is 8c7372 + 6?
8c7378
In base 5, what is 102431 - 10120?
42311
In base 11, what is 9511 + -401?
9110
In base 9, what is 6465072 - 1?
6465071
In base 11, what is 465854 + 38?
465891
In base 15, what is 4 - -198b03?
198b07
In base 13, what is 82a4 - 23?
8281
In base 8, what is 13 - 4453676?
-4453663
In base 16, what is -6e8ab - 4f?
-6e8fa
In base 2, what is 101001010001001 + 100011?
101001010101100
In base 14, what is 1b1b7 + -16?
1b1a1
In base 13, what is 273b0a - -1?
273b0b
In base 15, what is 3bc - -6469?
6836
In base 14, what is 1869 - 7761?
-5cd6
In base 13, what is 18 - -23b266?
23b281
In base 16, what is 42c + 7a60f?
7aa3b
In base 11, what is -15308a6 + 2?
-15308a4
In base 12, what is 9 - 136b68?
-136b5b
In base 8, what is 10735 + -212213?
-201256
In base 6, what is -2144243120 + -54?
-2144243214
In base 12, what is 107b + -31?
104a
In base 13, what is 4 + ab0a31?
ab0a35
In base 3, what is -1210002012 + 1100211?
-1201201101
In base 3, what is 210022 + 1021?
211120
In base 10, what is -3 - -46851?
46848
In base 14, what is 10d508 - 1?
10d507
In base 14, what is -28a66 + 71?
-289d5
In base 2, what is -111000100111011110001 + -1?
-111000100111011110010
In base 11, what is 11769 - 39?
11730
In base 16, what is -d06 + -2d3c?
-3a42
In base 10, what is -3922969 + 9?
-3922960
In base 8, what is -374172 + 20112?
-354060
In base 3, what is -10110001 + 101000202220?
100220022212
In base 8, what is -1041407 - -46?
-1041341
In base 4, what is 330031 - -130130?
1120221
In base 14, what is a911354 + -12?
a911342
In base 14, what is 2864c1 - 17d?
286342
In base 16, what is -9ff - -c24?
225
In base 5, what is -314402344 + 23?
-314402321
In base 14, what is -268b + 180c?
-c7d
In base 5, what is 114433241 - -111?
114433402
In base 5, what is -120 - 2301410323?
-2301410443
In base 5, what is 4210113 - -4?
4210122
In base 3, what is 10201001112 - -11112?
10201020001
In base 4, what is 22 - 2211120220112?
-2211120220030
In base 11, what is 3 + -1973451?
-1973449
In base 3, what is -2110011 + -210022012?
-212202100
In base 8, what is -3 - 1434514445?
-1434514450
In base 9, what is -14012 - -4710?
-8202
In base 7, what is 10456 + 136631?
150420
In base 16, what is 510d0 - 474?
50c5c
In base 10, what is 177582584 + 1?
177582585
In base 9, what is 5 + 233115606?
233115612
In base 9, what is 2 + -14504513?
-14504511
In base 10, what is -18122274 + -76?
-18122350
In base 14, what is 43485b + -74?
4347c7
In base 7, what is 66240016 + 3?
66240022
In base 12, what is 0 - 16659b?
-16659b
In base 9, what is 64 - 6118341?
-6118266
In base 7, what is 0 - 12000243?
-12000243
In base 4, what is -310213003000 + -313?
-310213003313
In base 12, what is 5a1a87b1 + 1?
5a1a87b2
In base 16, what is 3277295 - 3?
3277292
In base 16, what is 108ae68 + -5?
108ae63
In base 14, what is c + a9300?
a930c
In base 3, what is 101020101 - 0?
101020101
In base 16, what is 4e085da + 0?
4e085da
In base 8, what is 6227 + 64637?
73066
In base 10, what is -3952181 + -40?
-3952221
In base 6, what is -2223541343 - -5?
-2223541334
In base 8, what is -602217137 + -2?
-602217141
In base 9, what is 1544817 + -5?
1544812
In base 7, what is 2 - 4150431605?
-4150431603
In base 7, what is 35 - -420014543?
420014611
In base 9, what is -501 - 26228?
-26730
In